 - 4*j + 21 = 0, -2*t + 32 = -j + 35. What is n(t)?
14
Let y(k) = 3*k + 12. Let g be 27/63 - (-62)/(-14). Let z be y(g). Let d(b) = b**2 - b - 2. Determine d(z).
-2
Suppose v + 2*u = -0*u + 22, 3*v - 2*u - 26 = 0. Let l(i) = -9*i - 1 - 6*i + v*i + 2. Suppose -z - 4 = z. Give l(z).
7
Suppose -12 = 5*s - 3*s. Let p be s/15 - (-36)/(-10). Let l be 27/(-6) - (-2)/p. Let m(r) = -r + 7. Calculate m(l).
12
Let m(i) = 2*i - 3. Let g(j) = -j + 33. Let r be g(16). Suppose 0 = 4*t - 39 - r. Suppose -2*q - 6 + t = 0. Determine m(q).
5
Let c(u) = -u**2 + 3*u + 4. Let s be (-6)/(-15)*(-10)/(-1). Suppose s*r = 2*o - 6, 2*o - 5 = 8*r - 3*r. Suppose -42 + 17 = -o*l. What is c(l)?
-6
Let a(g) be the second derivative of -g**3/6 + 6*g**2 - 90*g. Give a(12).
0
Let o(a) be the second derivative of -a**5/20 + a**4/3 - a**3/6 - 5*a**2/2 + 119*a. What is o(3)?
1
Let x(c) be the third derivative of -c**6/120 - 7*c**5/60 + c**4/24 + 5*c**3/6 - 40*c**2. Let t(g) = g**3 - 8*g**2 - g + 1. Let r be t(8). Give x(r).
-2
Suppose -3*s - 10 = -8*s. Let t(w) = 5 - 7 + 1 - 11*w**3 - s*w. Let i be (1 + 1)/2*-1. Determine t(i).
12
Let x be (-1*1)/((-2)/(-12)). Let l be -1 - 2 - -3 - -2. Let d(b) = 69*b**2 - 68*b**2 + 7*b + l + 0*b - 3. Give d(x).
-7
Let w(q) = -3*q**3 + 4*q**2 - 2*q. Let r be (-468)/(-1053)*(-1)/(2/(-9)). Determine w(r).
-12
Let w(m) be the second derivative of m**5/20 + 5*m**4/6 + 5*m**3/3 - m**2/2 - 268*m + 2. Give w(-9).
-10
Let z(r) = 6*r + 6*r**2 - 2 + r**3 + 0*r - r. Suppose 8*u + 178 + 102 = 0. Let w be u/(-14)*1/(10/(-16)). What is z(w)?
10
Let i(a) = 5*a**3 + 18*a**2 - 32*a + 27. Let y(d) = -2*d**3 - 6*d**2 + 11*d - 9. Let j(g) = 3*i(g) + 8*y(g). Let w be j(5). Let p(v) = v + 6. Give p(w).
0
Let n be ((-6)/2 + 1)*(-5)/2. Let b(d) be the second derivative of 0 - 7/2*d**2 + 1/6*d**3 - 2*d. Calculate b(n).
-2
Let z(x) = 0*x**2 - 90*x + 96*x - 3*x**3 - 3*x**2 + 2*x**3. Calculate z(-5).
20
Suppose -20 = -7*i + 5*i. Suppose i*a - 5*a + 40 = -4*g, -3*g = 4*a + 31. Let t(s) = 4*s + 3 - 1 - 1. Determine t(a).
-15
Let l be 3/12 - 18/8. Let q(o) be the second derivative of o**3/6 - o. Determine q(l).
-2
Let c(s) = -52 + 53*s - 63*s + 51. Let k(x) = -x**2 - 10*x - 11. Let j be k(-9). Calculate c(j).
19
Let f be 2 + 2 + -1 + 2. Let s(x) = 17*x - 27. Let n(p) = 24*p - 39. Let b(j) = 5*n(j) - 7*s(j). Calculate b(f).
-1
Let r(m) be the first derivative of -m**6/120 + m**5/10 + m**4/24 - m**3/3 + 43*m**2/2 - 12. Let l(k) be the second derivative of r(k). What is l(6)?
4
Let w(y) be the first derivative of 3*y**2/2 - 62*y - 279. Give w(21).
1
Let d(l) = -l + 1. Let s be 1 + -1 + (7 - 9) - -4. Suppose -2*x - s*c = 10, 0 = -4*x + 2*c + 2*c + 4. Give d(x).
3
Suppose 26 = 4*a + 3*r + 3, -r = 4*a - 13. Let z(i) = -14*i + 5. Determine z(a).
-23
Let a(q) = -q**2 + 5*q + 9. Suppose -5*c + 54 = -m, -9*c + 6*c + 34 = -m. Determine a(c).
-41
Let d = -2 + 5. Let m be (5 - 4)/(4/12). Let k(z) = -3 + z**2 + 3*z**d - m*z**3 + z**3 - 2*z. Give k(-2).
-3
Suppose 8*c = 3 + 125. Let x(o) = 10*o - 1 - 30*o + o**2 + c*o + 8*o. Let b be (-2)/(-2)*-5 - 1. Give x(b).
11
Let r(d) = -3*d**2 - 5*d - 5. Suppose -4*b + 30 = -3*f + 29, 4*f + 22 = -5*b. Determine r(b).
-7
Let y(p) = -4*p - 2. Let j = -3 - -13. Let x = j + -12. Let w = x + 0. What is y(w)?
6
Let q(k) = 9*k**3 + 7*k**2 + 5*k + 7. Let s = 98 - 94. Let z(g) = -5*g**3 - 4*g**2 - 3*g - 4. Let i(c) = s*q(c) + 7*z(c). Determine i(2).
6
Let x(n) be the first derivative of n**4/4 + 14*n**3/3 - n**2/2 - 3*n - 123. Determine x(-14).
11
Suppose -6*w - 40 = -2*y, 3*y + 7 = 3*w + 25. Let b(a) = a**2 + 7*a + 9. Give b(w).
9
Let x(y) = 0*y**2 + 9*y**2 - 9 - 3*y**2 + 12*y - 7*y**2. Let n be x(11). Let q(i) = 1 - 55*i + 54*i - i**n + 11*i**2. Give q(1).
10
Let w(o) = 37*o. Suppose -5*f - 11 = -4*p, -p + 6*f - 2*f = -11. Give w(p).
-37
Let r(p) = -p + 4. Let t(o) = o + 9. Let u be t(-6). Suppose 5*v = -3*q, -2*q = u*v + q. Calculate r(v).
4
Let b be ((-116)/6 + 3)*-3. Let n = 50 - b. Let k(q) be the first derivative of -3*q**4/2 + 2*q**3/3 - q**2 + q - 1. Give k(n).
-5
Let f be 63/(-42) - (-46)/4. Let l(k) = k**3 - 10*k**2 - 3*k + 6. What is l(f)?
-24
Let w(a) = 2*a**3 - 4*a**2 + 3. Let y(t) = -t + 1. Let l = 27 - 29. Let o be y(l). What is w(o)?
21
Let h(w) = -84*w - 21 + 85*w + 24. Determine h(-6).
-3
Let o(s) = -s**3 + 9*s**2 - 10*s - 9. Let d = 369 - 361. What is o(d)?
-25
Let t be (12/(-16))/((-2)/16). Suppose t*h - 5*h + 3*r - 6 = 0, -5*r = 5*h - 30. Suppose a - h = -a. Let j(l) = -l**2 + 6*l - 3. Calculate j(a).
6
Let d(n) be the second derivative of -n**3/6 - 4*n**2 + 4*n + 24. What is d(-16)?
8
Let h(v) = -5*v + 2 - v + 4*v. Let j(u) = u**3 + 2*u**2 - 19*u + 18. Let k be j(3). Calculate h(k).
-10
Let g(p) = -3*p + 5. Suppose -10*y + 20 = -5*y. What is g(y)?
-7
Suppose 4*i + 13 = 26*h - 21*h, 5*h - 31 = -2*i. Let z(w) be the second derivative of 0 - i*w + 3/2*w**2 + 1/4*w**4 + 1/2*w**3. Give z(-2).
9
Let o(h) = -115 + 115 + 3*h. Calculate o(3).
9
Suppose 4*r = d - 4*d - 4, 2*d - 1 = r. Let t(l) = -103 + 4*l + 45 - 5*l + 37 + 40. Calculate t(d).
19
Let v(a) = -5*a**2 + 3*a + 14. Let y(c) = -6*c**2 + 4*c + 15. Let s(t) = -5*v(t) + 4*y(t). Let o(g) be the first derivative of s(g). Give o(1).
3
Let h = 377 + -383. Let z(v) = v - 2. Determine z(h).
-8
Suppose 2*q = 3*q + 5. Let i(r) = -r**2 - 4*r + 9. Let v(g) = -3*g**2 - 12*g + 29. Let z(w) = 7*i(w) - 2*v(w). Determine z(q).
0
Let o(b) = b + 1. Let t = -4 - -4. Suppose -4*s + 135 = -5*r, 2*r = s + r - 34. Suppose t = x + 6*x + s. Determine o(x).
-4
Let j(z) = -3*z - 3. Let s = 24 + 8. Suppose x = -s + 1. Let r = 28 + x. What is j(r)?
6
Suppose 0 = -2*n + 2*m + 12, 3*n = m + 4*m + 22. Suppose 0*h - 30 = -5*h. Let y(j) = -3*j**3 - 2 + h*j - 2 + j**3 + 3*j**3 - 5*j**2. What is y(n)?
4
Let h(x) = 5*x**2 - 3*x - 2. Let q(c) = -4*c**2 + 4*c. Let m(z) = 3*h(z) + 4*q(z). What is m(7)?
-6
Let h(m) = 10*m**2 + 583*m**3 - 16*m**2 - 584*m**3 - 7. Give h(-5).
-32
Let r = -89 + 84. Let k(g) = g + 5. Determine k(r).
0
Suppose -5*m = 2*l - 2, 3*l = 3*m + 34 - 10. Let q(s) = s**3 - 7*s**2 + 5*s + 4. Determine q(l).
-2
Let o(n) = -n + 6. Let u be o(6). Suppose -3*b - 5*a + u = 7, -2*b = -4*a - 32. Let r(c) = 9*c + 1. Let t(p) = 8*p. Let i(w) = 6*r(w) - 7*t(w). Calculate i(b).
-6
Let p(o) be the third derivative of -o**5/30 - 5*o**4/24 - o**3/2 - 3*o**2 + 14. What is p(-3)?
-6
Suppose -6*j + 18 + 48 = 0. Let g(i) = 11 + j - 6*i**2 + i**3 + 2*i - 21. Give g(4).
-23
Let q(a) = 7*a**2 - a - 2. Let z be q(-1). Let x(u) = 2*u**2 - 7*u. Let g(c) = -3*c**2 + 13*c. Let o(v) = z*g(v) + 11*x(v). Determine o(2).
18
Let a be 10/(-25) + (0 - 17/(-5)). Suppose 5*b - 5*p = a*b + 29, 14 = 2*b - 2*p. Let n(z) = z**2 + 3*z - 1. What is n(b)?
9
Suppose 0 = 8*v + 45 - 101. Let r(b) = b**3 - 9*b**2 + 10*b - 9. Determine r(v).
-37
Let y = -15 - -17. Suppose 3*p = y*p + 16. Let c(x) = -26*x**2 + x**3 + p*x**2 - 4*x + 13*x**2 + 0*x**3 - 4. Determine c(-4).
-4
Let h(y) = 8*y - 13. Let b(j) = -3*j + 6. Let i(d) = -5*b(d) - 2*h(d). Suppose 12 + 4 = -4*z. Give i(z).
0
Let b(q) = 2*q**2 + 5*q + 2. Suppose 5*z = -10, a - 3*z + 1 = 4. Give b(a).
5
Suppose -23*o + 240 = 33. Let d(l) = l**3 - 8*l**2 - 7*l + 13. Give d(o).
31
Let b(g) be the first derivative of -3 + g - 1/4*g**4 + 0*g**3 + g**2. Let f(w) = w**2 - 18*w + 75. Let r be f(11). Give b(r).
5
Suppose -16 = 4*a - 0*a. Let g(b) be the third derivative of -b**6/120 - 7*b**5/60 - b**4/4 - b**3/2 + 23*b**2. What is g(a)?
-27
Let s(n) = -n**3 + n**2 - 4*n. Let q = 3 + -8. Let d(z) = -z**3 + 2*z**2 - 5*z. Let g be -2 - (-2 + (-9 - -3)). Let f(c) = g*s(c) + q*d(c). Calculate f(-4).
-4
Let h(f) = 3*f**3 + 12*f**2 + f - 1. Let v(m) = -10*m**3 - 34*m**2 - 4*m + 2. Let b(d) = 7*h(d) + 2*v(d). What is b(-16)?
13
Suppose 0 = 4*i + 8, -5*r + 3*i + i = -18. Let d be 0*(-3 + r) + 3. Let p(l) = -103 + d*l - l + 104. Determine p(2).
5
Let m(q) = -q**2 - 4*q - 3. Let v(d) = -19*d - 7. Let t be v(3). Let a = t - -59. Give m(a).
-8
Suppose 0*x = 5*x + 3*k - 86, 2*x + 3*k = 29. Suppose -5*y = 15, -4*m - 2*y + x = y. Let d be m - 7 - (-3 - 0). Let l(c) = -3*c + 2. Calculate l(d).
-7
Let v(x) = -x**2 + 6*x + 3. Suppose -5*w - 15 = -2*w. Let c(s) = -s**3 - 4*s**2 + 4*s + 1. Let d be c(w). What is v(d)?
3
Let u(l) = 